visor of 25 and 2725.
25
Calculate the greatest common divisor of 16 and 2256.
16
What is the greatest common factor of 19 and 361?
19
What is the highest common factor of 372 and 496?
124
Calculate the greatest common factor of 8655 and 45.
15
What is the greatest common divisor of 7458 and 1017?
339
What is the greatest common factor of 1264 and 79?
79
What is the greatest common factor of 4 and 14?
2
Calculate the greatest common factor of 30 and 16.
2
Calculate the greatest common factor of 138 and 897.
69
Calculate the greatest common divisor of 9744 and 116.
116
Calculate the greatest common factor of 6 and 534.
6
What is the highest common divisor of 1450 and 58?
58
Calculate the highest common factor of 8100 and 200.
100
What is the greatest common divisor of 2592 and 32?
32
What is the highest common factor of 162 and 108?
54
Calculate the greatest common divisor of 17 and 17357.
17
What is the highest common factor of 2268 and 2106?
162
What is the greatest common divisor of 432 and 270?
54
Calculate the highest common divisor of 17 and 153.
17
Calculate the highest common divisor of 512 and 20.
4
What is the highest common divisor of 832 and 256?
64
Calculate the greatest common factor of 2254 and 46.
46
Calculate the greatest common divisor of 34 and 578.
34
What is the greatest common divisor of 9 and 381?
3
Calculate the highest common factor of 12 and 876.
12
What is the highest common factor of 6061 and 76?
19
Calculate the highest common divisor of 1469 and 1582.
113
Calculate the highest common divisor of 945 and 70.
35
Calculate the greatest common factor of 4939 and 449.
449
What is the greatest common factor of 7 and 2779?
7
Calculate the highest common factor of 444 and 3922.
74
What is the greatest common factor of 7918 and 74?
74
What is the greatest common divisor of 1023 and 279?
93
Calculate the highest common divisor of 441 and 7623.
63
What is the greatest common factor of 8181 and 81?
81
What is the highest common factor of 124 and 48?
4
Calculate the highest common factor of 21940 and 40.
20
Calculate the highest common divisor of 578 and 119.
17
What is the greatest common divisor of 6 and 4?
2
What is the greatest common divisor of 234 and 8658?
234
Calculate the greatest common factor of 6 and 201.
3
Calculate the greatest common divisor of 16 and 14712.
8
Calculate the greatest common factor of 4 and 11504.
4
What is the greatest common divisor of 1629 and 18?
9
What is the highest common divisor of 551 and 1827?
29
Calculate the highest common factor of 129 and 1023.
3
What is the highest common divisor of 35 and 154?
7
What is the highest common divisor of 620 and 5735?
155
Calculate the highest common divisor of 104 and 4628.
52
Calculate the greatest common divisor of 6 and 10173.
3
What is the greatest common divisor of 153 and 1751?
17
What is the greatest common divisor of 2948 and 220?
44
Calculate the greatest common divisor of 19 and 21337.
19
What is the greatest common divisor of 132 and 5973?
33
Calculate the highest common divisor of 64 and 624.
16
What is the highest common divisor of 118 and 2?
2
Calculate the greatest common divisor of 48 and 3888.
48
Calculate the highest common factor of 11 and 1694.
11
Calculate the greatest common divisor of 58 and 522.
58
Calculate the highest common factor of 21 and 111.
3
What is the highest common factor of 4617 and 570?
57
Calculate the greatest common factor of 572 and 156.
52
What is the greatest common divisor of 1 and 149?
1
What is the highest common factor of 80 and 120?
40
What is the highest common factor of 218 and 8066?
218
What is the greatest common factor of 100 and 40?
20
What is the highest common divisor of 207 and 368?
23
What is the greatest common divisor of 336 and 1232?
112
Calculate the highest common divisor of 5 and 65.
5
Calculate the greatest common divisor of 6076 and 124.
124
Calculate the greatest common divisor of 2652 and 468.
156
Calculate the highest common factor of 129 and 86.
43
Calculate the highest common divisor of 195 and 300.
15
What is the greatest common divisor of 120 and 60600?
120
What is the highest common factor of 13867 and 98?
49
What is the greatest common factor of 49 and 490?
49
Calculate the greatest common factor of 54 and 135.
27
What is the greatest common divisor of 12 and 276?
12
What is the highest common divisor of 142 and 19667?
71
Calculate the highest common factor of 454 and 5675.
227
Calculate the greatest common divisor of 368 and 161.
23
Calculate the highest common factor of 1755 and 30.
15
Calculate the greatest common divisor of 171955 and 35.
35
What is the greatest common factor of 165 and 20?
5
What is the highest common divisor of 776 and 32?
8
Calculate the highest common factor of 3973 and 29.
29
Calculate the greatest common divisor of 160 and 5.
5
What is the greatest common divisor of 13 and 130?
13
What is the greatest common factor of 352 and 1600?
32
What is the highest common divisor of 130 and 810?
10
Calculate the highest common factor of 11697 and 189.
21
What is the highest common divisor of 2592 and 160?
32
What is the highest common factor of 222 and 12?
6
What is the highest common factor of 10 and 2890?
10
Calculate the highest common factor of 60 and 75.
15
Calculate the highest common divisor of 81 and 81.
81
Calculate the greatest common factor of 38 and 4.
2
Calculate the highest common factor of 399 and 1425.
57
Calculate the greatest common factor of 9339 and 66.
33
What is the greatest common divisor of 40 and 100?
20
What is the highest common factor of 56 and 147?
7
What is the greatest common divisor of 98 and 378?
14
What is the highest common divisor of 325 and 715?
65
Calculate the greatest common divisor of 66 and 352.
22
Calculate the greatest common factor of 165 and 33.
33
Calculate the highest common divisor of 176 and 16.
16
What is the highest common divisor of 660 and 13380?
60
What is the highest common factor of 874 and 92?
46
What is the highest common factor of 244 and 610?
122
Calculate the highest common factor of 34 and 850.
34
What is the highest common factor of 40 and 24?
8
Calculate the highest common factor of 18 and 10566.
18
What is the highest common factor of 104 and 7514?
26
Calculate the highest common factor of 1104 and 768.
48
What is the greatest common factor of 480 and 3440?
80
Calculate the greatest common divisor of 1450 and 58.
58
What is the highest common factor of 42 and 42?
42
What is the greatest common factor of 14 and 126?
14
Calculate the highest common factor of 115 and 69.
23
Calculate the greatest common divisor of 13 and 325.
13
What is the greatest common factor of 477 and 18?
9
Calculate the greatest common divisor of 47 and 47.
47
What is the greatest common divisor of 16906 and 158?
158
Calculate the highest common factor of 86 and 602.
86
What is the greatest common factor of 2430 and 18?
18
What is the greatest common factor of 70 and 40?
10
Calculate the highest common divisor of 1280 and 180.
20
What is the highest common factor of 936 and 48?
24
Calculate the highest common factor of 2170 and 70.
70
What is the highest common divisor of 147 and 3?
3
What is the highest common divisor of 2997 and 37?
37
What is the highest common divisor of 560 and 35?
35
Calculate the greatest common divisor of 25 and 325.
25
Calculate the greatest common factor of 149 and 7003.
149
Calculate the highest common factor of 212 and 8374.
106
What is the highest common divisor of 150 and 2200?
50
What is the greatest common divisor of 265 and 4558?
53
Calculate the greatest common divisor of 1104 and 207.
69
What is the greatest common divisor of 1050 and 84?
42
What is the greatest common divisor of 148 and 5994?
74
Calculate the greatest common divisor of 20711 and 139.
139
Calculate the greatest common divisor of 506 and 286.
22
Calculate the greatest common divisor of 144 and 88.
8
Calculate the greatest common divisor of 47 and 5.
1
Calculate the highest common factor of 252 and 144.
36
Calculate the greatest common factor of 1550 and 62.
62
Calculate the highest common divisor of 1212 and 432.
12
Calculate the greatest common divisor of 4022 and 1.
1
Calculate the greatest common divisor of 6633 and 99.